{"id":278,"date":"2018-12-31T16:36:39","date_gmt":"2018-12-31T15:36:39","guid":{"rendered":"http:\/\/sv-uerdingen.de\/?page_id=278"},"modified":"2019-01-05T20:10:33","modified_gmt":"2019-01-05T19:10:33","slug":"datenschutz","status":"publish","type":"page","link":"https:\/\/sv-uerdingen.de\/?page_id=278","title":{"rendered":"Datenschutz"},"content":{"rendered":"<p>[et_pb_section fb_built=&#8220;1&#8243; _builder_version=&#8220;3.18.7&#8243; background_color=&#8220;#273548&#8243; custom_padding=&#8220;10px||10px||false&#8220;][et_pb_row _builder_version=&#8220;3.18.7&#8243;][et_pb_column type=&#8220;4_4&#8243; _builder_version=&#8220;3.0.47&#8243; parallax=&#8220;off&#8220; parallax_method=&#8220;on&#8220;][et_pb_text _builder_version=&#8220;3.18.7&#8243; text_font=&#8220;||||||||&#8220; text_text_color=&#8220;#FFFFFF&#8220; text_font_size=&#8220;32px&#8220; header_font=&#8220;||||||||&#8220; header_text_color=&#8220;#000000&#8243; header_2_font=&#8220;||||||||&#8220; header_2_text_color=&#8220;#FFFFFF&#8220; background_size=&#8220;initial&#8220; background_position=&#8220;top_left&#8220; background_repeat=&#8220;repeat&#8220; text_orientation=&#8220;center&#8220;]<\/p>\n<p><strong>Hundesportverein SV OG Uerdingen<\/strong><\/p>\n<p>[\/et_pb_text][\/et_pb_column][\/et_pb_row][\/et_pb_section][et_pb_section fb_built=&#8220;1&#8243; _builder_version=&#8220;3.18.7&#8243; background_color=&#8220;#cecece&#8220;][et_pb_row _builder_version=&#8220;3.0.48&#8243; background_size=&#8220;initial&#8220; background_position=&#8220;top_left&#8220; background_repeat=&#8220;repeat&#8220;][et_pb_column type=&#8220;4_4&#8243; _builder_version=&#8220;3.0.47&#8243; parallax=&#8220;off&#8220; parallax_method=&#8220;on&#8220;][et_pb_text _builder_version=&#8220;3.18.7&#8243; text_font=&#8220;||||||||&#8220; text_text_color=&#8220;#000000&#8243; link_font=&#8220;||||on||||&#8220; link_text_color=&#8220;#0c71c3&#8243; ul_font=&#8220;||||||||&#8220; ol_font=&#8220;||||||||&#8220; header_4_font=&#8220;||||||||&#8220; background_size=&#8220;initial&#8220; background_position=&#8220;top_left&#8220; background_repeat=&#8220;repeat&#8220;]<\/p>\n<h2><strong>Datenschutz<\/strong><\/h2>\n<p>&nbsp;<br \/>\n<strong>Name und Kontakt des Verantwortlichen gem\u00e4\u00df Artikel 4 Abs. 7 DSGVO<\/strong><br \/>\n&nbsp;<br \/>\nVerein f\u00fcr Deutsche Sch\u00e4ferhunde<br \/>\nOrtsgruppe Uerdingen<br \/>\nRundweg 18<br \/>\n47829 Krefeld<br \/>\nTelefon: +49 (0) 173-8703249<br style=\"cursor: text; outline-color: transparent; outline-style: none; outline-width: 0px;\" \/> E-Mail: <a style=\"cursor: auto; outline-color: transparent; outline-style: none; outline-width: 0px;\" href=\"mailto:info@sv-uerdingen.de\" target=\"_blank\" rel=\"noopener noreferrer\">info@sv-uerdingen.de<\/a><br style=\"cursor: text; outline-color: transparent; outline-style: none; outline-width: 0px;\" \/> Homepage:\u00a0<a href=\"http:\/\/www.sv-uerdingen.de\/\" target=\"_blank\" rel=\"noopener noreferrer\">http:\/\/www.sv-uerdingen.de\/<\/a><\/p>\n<p>&nbsp;<\/p>\n<p>Der Schutz Ihrer Privatsph\u00e4re ist uns wichtig. Daher nehmen Sie bitte nachstehende Informationen \u00fcber die Nutzung unserer Internetseite zur Kenntnis. Sollten Sie weitere Fragen zum Umgang mit Ihren personenbezogenen Daten haben, k\u00f6nnen Sie sich gerne an uns oder unseren Datenschutzbeauftragten wenden.<\/p>\n<p>Verantwortlicher im Sinne des Art. 4 Abs. 7 EU-Datenschutz-Grundverordnung (DSGVO) und der Regelungen des Bundesdatenschutzgesetzes (BDSG) ist Verein f\u00fcr Deutsche Sch\u00e4ferhunde Ortsgruppe Uerdingen, Rundweg 18,<br \/>\n47829 Krefeld, Tel. +49 (0) 173-8703249, info@sv-uerdingen.de.<\/p>\n<p>&nbsp;<\/p>\n<h4><strong>Rechtm\u00e4\u00dfigkeit der Verarbeitung<\/strong><\/h4>\n<p>Die Verarbeitung ist nur rechtm\u00e4\u00dfig, wenn eine Rechtsgrundlage besteht und mindestens eine der nachstehenden Bedingungen (gem\u00e4\u00df Artikel 6 Abs. 1 lit. a \u2013 f DSGVO) erf\u00fcllt ist:<\/p>\n<ul>\n<li>Die betroffene Person hat ihre Einwilligung zu der Verarbeitung der sie betreffenden personenbezogenen Daten f\u00fcr einen oder mehrere bestimmte Zwecke gegeben.<\/li>\n<li>Die Verarbeitung ist f\u00fcr die Erf\u00fcllung eines Vertrags, dessen Vertragspartei die betroffene Person ist, oder zur Durchf\u00fchrung vorvertraglicher Ma\u00dfnahmen erforderlich, die auf Anfrage der betroffenen Person erfolgen.<\/li>\n<li>Die Verarbeitung ist zur Erf\u00fcllung einer rechtlichen Verpflichtung erforderlich, der der Verantwortliche unterliegt.<\/li>\n<li>Die Verarbeitung ist erforderlich, um lebenswichtige Interessen der betroffenen Person oder einer anderen nat\u00fcrlichen Person zu sch\u00fctzen.<\/li>\n<li>Die Verarbeitung ist f\u00fcr die Wahrnehmung einer Aufgabe erforderlich, die im \u00f6ffentlichen Interesse liegt oder in Aus\u00fcbung \u00f6ffentlicher Gewalt erfolgt, die dem Verantwortlichen \u00fcbertragen wurde.<\/li>\n<li>Die Verarbeitung ist zur Wahrung der berechtigten Interessen des Verantwortlichen oder eines Dritten erforderlich, sofern nicht die Interessen oder Grundrechte und Grundfreiheiten der betroffenen Person, die den Schutz personenbezogener Daten erfordern, \u00fcberwiegen, insbesondere dann, wenn es sich bei der betroffenen Person um ein Kind handelt.<\/li>\n<\/ul>\n<p>&nbsp;<\/p>\n<h4><strong>Bereitstellung der Internetseite \/ Speicherung von Zugriffsdaten<\/strong><\/h4>\n<p>Bei der informatorischen Nutzung der Website, also wenn Sie sich nicht registrieren oder uns anderweitig Informationen \u00fcbermitteln, erheben wir nur die personenbezogenen Daten, die Ihr Browser an unseren Server \u00fcbermittelt. . Bei jedem Zugriff auf unsere Internetseite erheben wir die folgenden Daten, die technisch erforderlich sind, um Ihnen die Internetseite anzuzeigen und die Sicherheit bei der Nutzung der Homepage zu gew\u00e4hrleisten (Rechtsgrundlage: Art. 6 Abs. 1, S. 1 lit. F GS-GVO). Folgende Daten werden hierbei erhoben:<\/p>\n<ul>\n<li>IP-Adresse<\/li>\n<li>Datum und Uhrzeit der Anfrage<\/li>\n<li>Zeitzonendifferenz zur Greenwich Mean Time (GMT)<\/li>\n<li>Inhalt der Anforderung (konkrete Seite)<\/li>\n<li>Zugriffsstatus \/ http-Statuscode<\/li>\n<li>jeweils \u00fcbertragene Datenmenge<\/li>\n<li>Internetseite, von der die Anfrage kommt<\/li>\n<li>Browser<\/li>\n<li>Betriebssystem und dessen Oberfl\u00e4che<\/li>\n<li>Sprache und Version der Browsersoftware<\/li>\n<\/ul>\n<p>Die o.g. Daten werden gel\u00f6scht, sobald sie f\u00fcr die Erreichung des Zweckes ihrer Erhebung nicht mehr erforderlich sind. Im Falle der Erfassung der Daten zur Bereitstellung der Website ist dies der Fall, wenn die jeweilige Sitzung beendet ist. Diese Daten sind nicht bestimmten Personen zuordenbar. Eine Zusammenf\u00fchrung dieser Daten mit anderen Datenquellen wird nicht vorgenommen.<\/p>\n<p>&nbsp;<\/p>\n<h4><strong>Information \u00fcber die Erhebung personenbezogener Daten (Kontaktformular \/ E-Mail)<\/strong><\/h4>\n<p>Nehmen Sie \u00fcber unser Kontaktformular oder per E-Mail mit uns Kontakt auf, werden die von Ihnen mitgeteilten personenbezogenen Daten (Name, E-Mail-Adresse, ggfls. Telefonnummer und Anschrift) von uns gespeichert, um auf Ihre Anfrage \/ Kontaktaufnahme reagieren zu k\u00f6nnen. Diese Daten l\u00f6schen wir, sobald die Speicherung nicht mehr erforderlich ist (z. B. nach Erledigung Ihrer Anfrage) oder schr\u00e4nken ihre Verarbeitung ein, falls gesetzliche Aufbewahrungsfristen bestehen. Rechtsgrundlage f\u00fcr diese Datenverarbeitung ist Art. 6 Abs. 1 lit. f DS-GVO.<\/p>\n<p>&nbsp;<\/p>\n<h4><strong>Einsatz von Cookies<\/strong><\/h4>\n<p>Die Internetseiten verwenden teilweise so genannte Cookies. Cookies sind kleine Textdateien, die auf dem Rechner gespeichert werden und dienen dazu, die Internetseite nutzerfreundlicher, effektiver und sicherer zu machen. Sie k\u00f6nnen auf Ihrem Rechner keinen Schaden anrichten und enthalten keine Viren.<\/p>\n<p>Die meisten der von uns verwendeten Cookies sind so genannte \u201eTransiente-Cookies (\u201cSession-Cookies\u201d). Sie werden nach Ende Ihres Besuchs automatisch gel\u00f6scht. Andere Cookies bleiben auf Ihrem Endger\u00e4t gespeichert bis Sie diese l\u00f6schen. Diese Cookies erm\u00f6glichen es uns, Ihren Browser beim n\u00e4chsten Besuch wiederzuerkennen. Sie k\u00f6nnen Ihren Browser so einstellen, dass Sie \u00fcber das Setzen von Cookies informiert werden und Cookies nur im Einzelfall erlauben, die Annahme von Cookies f\u00fcr bestimmte F\u00e4lle oder generell ausschlie\u00dfen sowie das automatische L\u00f6schen der Cookies beim Schlie\u00dfen des Browser aktivieren. Bei der Deaktivierung von Cookies kann die Funktionalit\u00e4t dieser Website eingeschr\u00e4nkt sein.<\/p>\n<h4><strong>Anforderungen an die Einwilligung von Kindern<\/strong><\/h4>\n<p>Der Art. 8 Abs. 1 DSGVO gibt vor, dass bei Personen unter 16 Jahren, die Zustimmung eines Erziehungsberechtigten vorliegen muss, bevor Daten an uns \u00fcbermittelt werden.<\/p>\n<p>&nbsp;<\/p>\n<h4><strong>Ihre Rechte<\/strong><\/h4>\n<p>Sie haben gem\u00e4\u00df Art. 15-21 DS-GVO uns gegen\u00fcber ein Recht aus Auskunft, Berichtigung oder L\u00f6schung, Einschr\u00e4nkung der Verarbeitung, Daten\u00fcbertragbarkeit sowie Widerspruch Ihrer personenbezogenen Daten. Wenn die Datenverarbeitung auf Ihrer Einwilligung beruht, k\u00f6nnen Sie diese jederzeit mit Wirkung f\u00fcr die Zukunft widerrufen. Daneben besteht noch das Recht, sich bei der Datenschutz-Aufsichtsbeh\u00f6rde \u00fcber die Verarbeitung Ihrer personenbezogenen Daten zu beschweren.<\/p>\n<p>&nbsp;<\/p>\n<h4><strong>Datenschutzerkl\u00e4rung f\u00fcr die Nutzung von Google Analytics<\/strong><\/h4>\n<p>Diese Website benutzt Google Analytics, einen Webanalysedienst der Google Inc. (&#8222;Google&#8220;). Google Analytics verwendet sog. &#8222;Cookies&#8220;, Textdateien, die auf Ihrem Computer gespeichert werden und die eine Analyse der Benutzung der Website durch Sie erm\u00f6glichen. Die durch den Cookie erzeugten Informationen \u00fcber Ihre Benutzung dieser Website werden in der Regel an einen Server von Google in den USA \u00fcbertragen und dort gespeichert. Im Falle der Aktivierung der IP-Anonymisierung auf dieser Webseite wird Ihre IP-Adresse von Google jedoch innerhalb von Mitgliedstaaten der Europ\u00e4ischen Union oder in anderen Vertragsstaaten des Abkommens \u00fcber den Europ\u00e4ischen Wirtschaftsraum zuvor gek\u00fcrzt.<\/p>\n<p>Nur in Ausnahmef\u00e4llen wird die volle IP-Adresse an einen Server von Google in den USA \u00fcbertragen und dort gek\u00fcrzt. Im Auftrag des Betreibers dieser Website wird Google diese Informationen benutzen, um Ihre Nutzung der Website auszuwerten, um Reports \u00fcber die Websiteaktivit\u00e4ten zusammenzustellen und um weitere mit der Websitenutzung und der Internetnutzung verbundene Dienstleistungen gegen\u00fcber dem Websitebetreiber zu erbringen. Die im Rahmen von Google Analytics von Ihrem Browser \u00fcbermittelte IP-Adresse wird nicht mit anderen Daten von Google zusammengef\u00fchrt.<\/p>\n<p>Sie k\u00f6nnen die Speicherung der Cookies durch eine entsprechende Einstellung Ihrer Browser- Software verhindern; wir weisen Sie jedoch darauf hin, dass Sie in diesem Fall gegebenenfalls nicht s\u00e4mtliche Funktionen dieser Website vollumf\u00e4nglich werden nutzen k\u00f6nnen. Sie k\u00f6nnen dar\u00fcber hinaus die Erfassung der durch das Cookie erzeugten und auf Ihre Nutzung der Website bezogenen Daten (inkl. Ihrer IP-Adresse) an Google sowie die Verarbeitung dieser Daten durch Google verhindern, indem sie das unter dem folgenden Link verf\u00fcgbare Browser-Plugin herunterladen und installieren: <span style=\"text-decoration: underline;\">http:\/\/tools.google.com\/dlpage\/gaoptout?hl=de<\/span>.<\/p>\n<p><span style=\"text-decoration: underline;\">Unsere Internetseite verwendet Google Analytics mit der Erweiterung \u201e_anonymizeIp()\u201c, wodurch IP-Adressen gek\u00fcrzt verarbeitet werden und eine direkte Personenbeziehbarkeit ausgeschlossen werden kann. Soweit den erhobenen Daten ein Personenbezug zukommt, wird dieser dadurch ausgeschlossen und die personenbezogenen Daten umgehend gel\u00f6scht.<\/span><\/p>\n<p>F\u00fcr die personenbezogenen Daten, die in die USA \u00fcbertragen werden, hat sich Google dem EU-US Privacy Shield unterworfen. Informationen des Drittanbieters: Google Dublin, Google Ireland Ltd., Gordon House, Barrow Street, Dublin 4, Ireland, Fax: +353 (1) 436 1001.<\/p>\n<p>Nutzerbedingungen: <span style=\"text-decoration: underline;\">www.google.com\/analytics\/terms\/de.html<\/span><\/p>\n<p>\u00dcbersicht zum Datenschutz: <span style=\"text-decoration: underline;\">www.google.com\/intl\/de\/analytics\/learn\/privacy.html<\/span><\/p>\n<p>Datenschutzerkl\u00e4rung: <span style=\"text-decoration: underline;\">http:\/\/www.google.de\/intl\/de\/policies\/privacy<\/span><\/p>\n<p>Des Weiteren verwendet diese Website Google Analytics f\u00fcr eine ger\u00e4te\u00fcbergreifende Analyse von Besucherstr\u00f6men, die \u00fcber eine User-ID durchgef\u00fchrt wird. Sie k\u00f6nnen in Ihrem Kundenkonto unter \u201eMeine Daten\u201c, \u201epers\u00f6nliche Daten\u201c die ger\u00e4te\u00fcbergreifende Analyse Ihrer Nutzung deaktivieren.<\/p>\n<p><span style=\"margin: 0px; line-height: 107%; font-family: 'Arial','sans-serif'; font-size: 11pt;\"><span style=\"color: #000000;\" color=\"#000000\">\u00a9\u00a0Verein f\u00fcr Deutsche Sch\u00e4ferhunde Ortsgruppe Uerdingen.<br \/>\n<\/span><\/span><span style=\"margin: 0px; line-height: 107%; font-family: 'Arial','sans-serif'; font-size: 11pt;\"><span style=\"color: #000000;\" color=\"#000000\">Alle Rechte vorbehalten.<\/span><\/span>[\/et_pb_text][\/et_pb_column][\/et_pb_row][\/et_pb_section]<\/p>\n","protected":false},"excerpt":{"rendered":"<p>[et_pb_section fb_built=&#8220;1&#8243; _builder_version=&#8220;3.18.7&#8243; background_color=&#8220;#273548&#8243; custom_padding=&#8220;10px||10px||false&#8220;][et_pb_row _builder_version=&#8220;3.18.7&#8243;][et_pb_column type=&#8220;4_4&#8243; _builder_version=&#8220;3.0.47&#8243; parallax=&#8220;off&#8220; parallax_method=&#8220;on&#8220;][et_pb_text _builder_version=&#8220;3.18.7&#8243; text_font=&#8220;||||||||&#8220; text_text_color=&#8220;#FFFFFF&#8220; text_font_size=&#8220;32px&#8220; header_font=&#8220;||||||||&#8220; header_text_color=&#8220;#000000&#8243; header_2_font=&#8220;||||||||&#8220; header_2_text_color=&#8220;#FFFFFF&#8220; background_size=&#8220;initial&#8220; background_position=&#8220;top_left&#8220; background_repeat=&#8220;repeat&#8220; text_orientation=&#8220;center&#8220;] Hundesportverein SV OG Uerdingen [\/et_pb_text][\/et_pb_column][\/et_pb_row][\/et_pb_section][et_pb_section fb_built=&#8220;1&#8243; _builder_version=&#8220;3.18.7&#8243; background_color=&#8220;#cecece&#8220;][et_pb_row _builder_version=&#8220;3.0.48&#8243; background_size=&#8220;initial&#8220; background_position=&#8220;top_left&#8220; background_repeat=&#8220;repeat&#8220;][et_pb_column type=&#8220;4_4&#8243; _builder_version=&#8220;3.0.47&#8243; parallax=&#8220;off&#8220; parallax_method=&#8220;on&#8220;][et_pb_text _builder_version=&#8220;3.18.7&#8243; text_font=&#8220;||||||||&#8220; text_text_color=&#8220;#000000&#8243; link_font=&#8220;||||on||||&#8220; link_text_color=&#8220;#0c71c3&#8243; ul_font=&#8220;||||||||&#8220; ol_font=&#8220;||||||||&#8220; header_4_font=&#8220;||||||||&#8220; background_size=&#8220;initial&#8220; background_position=&#8220;top_left&#8220; background_repeat=&#8220;repeat&#8220;] Datenschutz &nbsp; Name und Kontakt des [&hellip;]<\/p>\n","protected":false},"author":2,"featured_media":0,"parent":0,"menu_order":91,"comment_status":"closed","ping_status":"closed","template":"","meta":{"_et_pb_use_builder":"on","_et_pb_old_content":"","_et_gb_content_width":"","footnotes":""},"class_list":["post-278","page","type-page","status-publish","hentry"],"yoast_head":"<!-- This site is optimized with the Yoast SEO plugin v22.1 - https:\/\/yoast.com\/wordpress\/plugins\/seo\/ -->\n<title>Datenschutz - Hundesportverein Krefeld SV OG Uerdingen<\/title>\n<meta name=\"robots\" content=\"index, follow, max-snippet:-1, max-image-preview:large, max-video-preview:-1\" \/>\n<link rel=\"canonical\" href=\"http:\/\/sv-uerdingen.de\/?page_id=278\" \/>\n<meta property=\"og:locale\" content=\"de_DE\" \/>\n<meta property=\"og:type\" content=\"article\" \/>\n<meta property=\"og:title\" content=\"Datenschutz - Hundesportverein Krefeld SV OG Uerdingen\" \/>\n<meta property=\"og:description\" content=\"[et_pb_section fb_built=&#8220;1&#8243; _builder_version=&#8220;3.18.7&#8243; background_color=&#8220;#273548&#8243; custom_padding=&#8220;10px||10px||false&#8220;][et_pb_row _builder_version=&#8220;3.18.7&#8243;][et_pb_column type=&#8220;4_4&#8243; _builder_version=&#8220;3.0.47&#8243; parallax=&#8220;off&#8220; parallax_method=&#8220;on&#8220;][et_pb_text _builder_version=&#8220;3.18.7&#8243; text_font=&#8220;||||||||&#8220; text_text_color=&#8220;#FFFFFF&#8220; text_font_size=&#8220;32px&#8220; header_font=&#8220;||||||||&#8220; header_text_color=&#8220;#000000&#8243; header_2_font=&#8220;||||||||&#8220; header_2_text_color=&#8220;#FFFFFF&#8220; background_size=&#8220;initial&#8220; background_position=&#8220;top_left&#8220; background_repeat=&#8220;repeat&#8220; text_orientation=&#8220;center&#8220;] Hundesportverein SV OG Uerdingen [\/et_pb_text][\/et_pb_column][\/et_pb_row][\/et_pb_section][et_pb_section fb_built=&#8220;1&#8243; _builder_version=&#8220;3.18.7&#8243; background_color=&#8220;#cecece&#8220;][et_pb_row _builder_version=&#8220;3.0.48&#8243; background_size=&#8220;initial&#8220; background_position=&#8220;top_left&#8220; background_repeat=&#8220;repeat&#8220;][et_pb_column type=&#8220;4_4&#8243; _builder_version=&#8220;3.0.47&#8243; parallax=&#8220;off&#8220; parallax_method=&#8220;on&#8220;][et_pb_text _builder_version=&#8220;3.18.7&#8243; text_font=&#8220;||||||||&#8220; text_text_color=&#8220;#000000&#8243; link_font=&#8220;||||on||||&#8220; link_text_color=&#8220;#0c71c3&#8243; ul_font=&#8220;||||||||&#8220; ol_font=&#8220;||||||||&#8220; header_4_font=&#8220;||||||||&#8220; background_size=&#8220;initial&#8220; background_position=&#8220;top_left&#8220; background_repeat=&#8220;repeat&#8220;] Datenschutz &nbsp; Name und Kontakt des [&hellip;]\" \/>\n<meta property=\"og:url\" content=\"http:\/\/sv-uerdingen.de\/?page_id=278\" \/>\n<meta property=\"og:site_name\" content=\"Hundesportverein Krefeld SV OG Uerdingen\" \/>\n<meta property=\"article:modified_time\" content=\"2019-01-05T19:10:33+00:00\" \/>\n<meta name=\"twitter:card\" content=\"summary_large_image\" \/>\n<meta name=\"twitter:label1\" content=\"Gesch\u00e4tzte Lesezeit\" \/>\n\t<meta name=\"twitter:data1\" content=\"7\u00a0Minuten\" \/>\n<script type=\"application\/ld+json\" class=\"yoast-schema-graph\">{\"@context\":\"https:\/\/schema.org\",\"@graph\":[{\"@type\":\"WebPage\",\"@id\":\"http:\/\/sv-uerdingen.de\/?page_id=278\",\"url\":\"http:\/\/sv-uerdingen.de\/?page_id=278\",\"name\":\"Datenschutz - Hundesportverein Krefeld SV OG Uerdingen\",\"isPartOf\":{\"@id\":\"http:\/\/sv-uerdingen.de\/#website\"},\"datePublished\":\"2018-12-31T15:36:39+00:00\",\"dateModified\":\"2019-01-05T19:10:33+00:00\",\"breadcrumb\":{\"@id\":\"http:\/\/sv-uerdingen.de\/?page_id=278#breadcrumb\"},\"inLanguage\":\"de\",\"potentialAction\":[{\"@type\":\"ReadAction\",\"target\":[\"http:\/\/sv-uerdingen.de\/?page_id=278\"]}]},{\"@type\":\"BreadcrumbList\",\"@id\":\"http:\/\/sv-uerdingen.de\/?page_id=278#breadcrumb\",\"itemListElement\":[{\"@type\":\"ListItem\",\"position\":1,\"name\":\"Startseite\",\"item\":\"http:\/\/sv-uerdingen.de\/\"},{\"@type\":\"ListItem\",\"position\":2,\"name\":\"Datenschutz\"}]},{\"@type\":\"WebSite\",\"@id\":\"http:\/\/sv-uerdingen.de\/#website\",\"url\":\"http:\/\/sv-uerdingen.de\/\",\"name\":\"Hundesportverein Krefeld SV OG Uerdingen\",\"description\":\"Hundesportverein Krefeld Ortsgruppe Uerdingen\",\"potentialAction\":[{\"@type\":\"SearchAction\",\"target\":{\"@type\":\"EntryPoint\",\"urlTemplate\":\"http:\/\/sv-uerdingen.de\/?s={search_term_string}\"},\"query-input\":\"required name=search_term_string\"}],\"inLanguage\":\"de\"}]}<\/script>\n<!-- \/ Yoast SEO plugin. -->","yoast_head_json":{"title":"Datenschutz - Hundesportverein Krefeld SV OG Uerdingen","robots":{"index":"index","follow":"follow","max-snippet":"max-snippet:-1","max-image-preview":"max-image-preview:large","max-video-preview":"max-video-preview:-1"},"canonical":"http:\/\/sv-uerdingen.de\/?page_id=278","og_locale":"de_DE","og_type":"article","og_title":"Datenschutz - Hundesportverein Krefeld SV OG Uerdingen","og_description":"[et_pb_section fb_built=&#8220;1&#8243; _builder_version=&#8220;3.18.7&#8243; background_color=&#8220;#273548&#8243; custom_padding=&#8220;10px||10px||false&#8220;][et_pb_row _builder_version=&#8220;3.18.7&#8243;][et_pb_column type=&#8220;4_4&#8243; _builder_version=&#8220;3.0.47&#8243; parallax=&#8220;off&#8220; parallax_method=&#8220;on&#8220;][et_pb_text _builder_version=&#8220;3.18.7&#8243; text_font=&#8220;||||||||&#8220; text_text_color=&#8220;#FFFFFF&#8220; text_font_size=&#8220;32px&#8220; header_font=&#8220;||||||||&#8220; header_text_color=&#8220;#000000&#8243; header_2_font=&#8220;||||||||&#8220; header_2_text_color=&#8220;#FFFFFF&#8220; background_size=&#8220;initial&#8220; background_position=&#8220;top_left&#8220; background_repeat=&#8220;repeat&#8220; text_orientation=&#8220;center&#8220;] Hundesportverein SV OG Uerdingen [\/et_pb_text][\/et_pb_column][\/et_pb_row][\/et_pb_section][et_pb_section fb_built=&#8220;1&#8243; _builder_version=&#8220;3.18.7&#8243; background_color=&#8220;#cecece&#8220;][et_pb_row _builder_version=&#8220;3.0.48&#8243; background_size=&#8220;initial&#8220; background_position=&#8220;top_left&#8220; background_repeat=&#8220;repeat&#8220;][et_pb_column type=&#8220;4_4&#8243; _builder_version=&#8220;3.0.47&#8243; parallax=&#8220;off&#8220; parallax_method=&#8220;on&#8220;][et_pb_text _builder_version=&#8220;3.18.7&#8243; text_font=&#8220;||||||||&#8220; text_text_color=&#8220;#000000&#8243; link_font=&#8220;||||on||||&#8220; link_text_color=&#8220;#0c71c3&#8243; ul_font=&#8220;||||||||&#8220; ol_font=&#8220;||||||||&#8220; header_4_font=&#8220;||||||||&#8220; background_size=&#8220;initial&#8220; background_position=&#8220;top_left&#8220; background_repeat=&#8220;repeat&#8220;] Datenschutz &nbsp; Name und Kontakt des [&hellip;]","og_url":"http:\/\/sv-uerdingen.de\/?page_id=278","og_site_name":"Hundesportverein Krefeld SV OG Uerdingen","article_modified_time":"2019-01-05T19:10:33+00:00","twitter_card":"summary_large_image","twitter_misc":{"Gesch\u00e4tzte Lesezeit":"7\u00a0Minuten"},"schema":{"@context":"https:\/\/schema.org","@graph":[{"@type":"WebPage","@id":"http:\/\/sv-uerdingen.de\/?page_id=278","url":"http:\/\/sv-uerdingen.de\/?page_id=278","name":"Datenschutz - Hundesportverein Krefeld SV OG Uerdingen","isPartOf":{"@id":"http:\/\/sv-uerdingen.de\/#website"},"datePublished":"2018-12-31T15:36:39+00:00","dateModified":"2019-01-05T19:10:33+00:00","breadcrumb":{"@id":"http:\/\/sv-uerdingen.de\/?page_id=278#breadcrumb"},"inLanguage":"de","potentialAction":[{"@type":"ReadAction","target":["http:\/\/sv-uerdingen.de\/?page_id=278"]}]},{"@type":"BreadcrumbList","@id":"http:\/\/sv-uerdingen.de\/?page_id=278#breadcrumb","itemListElement":[{"@type":"ListItem","position":1,"name":"Startseite","item":"http:\/\/sv-uerdingen.de\/"},{"@type":"ListItem","position":2,"name":"Datenschutz"}]},{"@type":"WebSite","@id":"http:\/\/sv-uerdingen.de\/#website","url":"http:\/\/sv-uerdingen.de\/","name":"Hundesportverein Krefeld SV OG Uerdingen","description":"Hundesportverein Krefeld Ortsgruppe Uerdingen","potentialAction":[{"@type":"SearchAction","target":{"@type":"EntryPoint","urlTemplate":"http:\/\/sv-uerdingen.de\/?s={search_term_string}"},"query-input":"required name=search_term_string"}],"inLanguage":"de"}]}},"_links":{"self":[{"href":"https:\/\/sv-uerdingen.de\/index.php?rest_route=\/wp\/v2\/pages\/278","targetHints":{"allow":["GET"]}}],"collection":[{"href":"https:\/\/sv-uerdingen.de\/index.php?rest_route=\/wp\/v2\/pages"}],"about":[{"href":"https:\/\/sv-uerdingen.de\/index.php?rest_route=\/wp\/v2\/types\/page"}],"author":[{"embeddable":true,"href":"https:\/\/sv-uerdingen.de\/index.php?rest_route=\/wp\/v2\/users\/2"}],"replies":[{"embeddable":true,"href":"https:\/\/sv-uerdingen.de\/index.php?rest_route=%2Fwp%2Fv2%2Fcomments&post=278"}],"version-history":[{"count":14,"href":"https:\/\/sv-uerdingen.de\/index.php?rest_route=\/wp\/v2\/pages\/278\/revisions"}],"predecessor-version":[{"id":389,"href":"https:\/\/sv-uerdingen.de\/index.php?rest_route=\/wp\/v2\/pages\/278\/revisions\/389"}],"wp:attachment":[{"href":"https:\/\/sv-uerdingen.de\/index.php?rest_route=%2Fwp%2Fv2%2Fmedia&parent=278"}],"curies":[{"name":"wp","href":"https:\/\/api.w.org\/{rel}","templated":true}]}}