{"id":533,"date":"2019-01-16T22:01:36","date_gmt":"2019-01-16T21:01:36","guid":{"rendered":"http:\/\/sv-uerdingen.de\/?page_id=533"},"modified":"2026-04-16T10:13:17","modified_gmt":"2026-04-16T08:13:17","slug":"termine","status":"publish","type":"page","link":"https:\/\/sv-uerdingen.de\/?page_id=533","title":{"rendered":"Termine"},"content":{"rendered":"<p>[et_pb_section fb_built=&#8220;1&#8243; _builder_version=&#8220;3.22.3&#8243; background_color=&#8220;#273548&#8243; custom_padding=&#8220;10px||10px&#8220;][et_pb_row _builder_version=&#8220;3.25&#8243;][et_pb_column type=&#8220;4_4&#8243; _builder_version=&#8220;3.25&#8243; custom_padding=&#8220;|||&#8220; custom_padding__hover=&#8220;|||&#8220;][et_pb_text _builder_version=&#8220;3.27.4&#8243; text_font=&#8220;||||||||&#8220; text_text_color=&#8220;#ffffff&#8220; text_font_size=&#8220;32px&#8220; header_font=&#8220;||||||||&#8220; header_text_color=&#8220;#000000&#8243; header_2_font=&#8220;||||||||&#8220; header_2_text_color=&#8220;#FFFFFF&#8220; background_size=&#8220;initial&#8220; background_position=&#8220;top_left&#8220; background_repeat=&#8220;repeat&#8220; text_orientation=&#8220;center&#8220; text_font_size_tablet=&#8220;&#8220; text_font_size_phone=&#8220;16px&#8220; text_font_size_last_edited=&#8220;on|phone&#8220;]<strong>Hundesportverein SV OG Uerdingen<\/strong>[\/et_pb_text][\/et_pb_column][\/et_pb_row][\/et_pb_section][et_pb_section fb_built=&#8220;1&#8243; _builder_version=&#8220;3.22.3&#8243; background_color=&#8220;#cecece&#8220;][et_pb_row _builder_version=&#8220;4.3.2&#8243; custom_margin=&#8220;|auto||77px||&#8220; custom_padding=&#8220;|||18px||&#8220;][et_pb_column type=&#8220;4_4&#8243; _builder_version=&#8220;3.25&#8243; custom_padding=&#8220;|||&#8220; custom_padding__hover=&#8220;|||&#8220;][et_pb_text _builder_version=&#8220;4.3.2&#8243; text_font=&#8220;||||||||&#8220; text_text_color=&#8220;#000000&#8243; text_font_size=&#8220;18px&#8220; header_font=&#8220;||||||||&#8220; header_2_font=&#8220;||||||||&#8220; header_2_font_size=&#8220;30px&#8220; header_font_size_tablet=&#8220;&#8220; header_font_size_phone=&#8220;18px&#8220; header_font_size_last_edited=&#8220;on|phone&#8220; header_2_font_size_tablet=&#8220;&#8220; header_2_font_size_phone=&#8220;18px&#8220; header_2_font_size_last_edited=&#8220;on|desktop&#8220;]<\/p>\n<h2><strong>Termine 2026<br \/> <\/strong><\/h2>\n<p>[\/et_pb_text][et_pb_text _builder_version=&#8220;4.3.2&#8243; text_font=&#8220;||||||||&#8220; text_text_color=&#8220;#000000&#8243; text_font_size=&#8220;18px&#8220; header_font=&#8220;||||||||&#8220; header_2_font=&#8220;||||||||&#8220; header_2_font_size=&#8220;30px&#8220; custom_margin=&#8220;|||2px||&#8220; custom_padding=&#8220;|||0px||&#8220; header_font_size_tablet=&#8220;&#8220; header_font_size_phone=&#8220;18px&#8220; header_font_size_last_edited=&#8220;on|phone&#8220; header_2_font_size_tablet=&#8220;&#8220; header_2_font_size_phone=&#8220;18px&#8220; header_2_font_size_last_edited=&#8220;on|desktop&#8220;]<\/p>\n<p><strong style=\"font-size: 18px;\">10.01.2026, 10:00 Uhr<br \/><\/strong><span style=\"font-size: 18px;\">Jahreshauptversammlung<\/span><span style=\"font-size: 18px;\">\u00a0<\/span><\/p>\n<p><strong style=\"font-size: 18px;\">28.03.2026<br \/><\/strong><span style=\"font-size: 18px;\">Fr\u00fchjahrspr\u00fcfung mit Richterin B\u00e4rbel Biernath (Sachkunde, FCI-BH, IBGH 1-3)<br \/><\/span><span style=\"font-size: 18px;\">Interessenten bitte unter <\/span><a style=\"font-size: 18px;\" href=\"mailto:info@sv-uerdingen.de\">info@sv-uerdingen.de<\/a><span style=\"font-size: 18px;\">\u00a0melden<\/span><span style=\"font-size: 18px;\">\u00a0<\/span><\/p>\n<p><strong style=\"font-size: 18px;\">18.04.2026<br \/> <\/strong><span style=\"font-size: 18px;\">Landesmeisterschaft Obedience Turnier mit Richter Dirk Belder<br \/> <\/span><span style=\"font-size: 18px;\">meldbar unter <\/span><a style=\"font-size: 18px;\" href=\"mailto:info@sv-uerdingen.de\">fleurdestiny@googlemail.com<\/a><b style=\"font-size: 18px;\">\u00a0<\/b><span style=\"font-size: 18px;\">ab 1.1.2026, Ausschreibung <a href=\"http:\/\/sv-uerdingen.de\/wp-content\/uploads\/2025\/12\/Ausschreibung-Landesmeisterschaft-Obedience-20260418.pdf\">hier<\/a><\/span><span style=\"font-size: 18px;\">.<\/span><span style=\"font-size: 18px;\">\u00a0<\/span><span style=\"font-size: 18px;\">\u00a0<\/span><\/p>\n<p><strong style=\"font-size: 18px;\">19.04.2026<br \/><\/strong>Landesmeisterschaft Hoopers mit Richterin Ryanne Pieper<br \/>meldbar \u00fcber webmelden ab 1.12.2025. Ausschreibung <a href=\"http:\/\/sv-uerdingen.de\/wp-content\/uploads\/2026\/01\/Ausschreibung-Hoopers-Turnier-20260419-Landesmeisterschaft.pdf\">hier<\/a>.<span style=\"font-size: 18px;\">\u00a0<\/span><\/p>\n<p><strong style=\"font-size: 18px;\">09.05.2026<br \/><\/strong><span style=\"font-size: 18px;\">Nordrheinlandcup \/ DSH-Cup \/ offenes Agility Turnier mit Richter Mario Weidner<br \/>meldbar \u00fcber webmelden ab 01.02.2026\u00a0<\/span><span style=\"font-size: 18px;\">Ausschreibung siehe <a href=\"http:\/\/sv-uerdingen.de\/wp-content\/uploads\/2026\/01\/Ausschreibung-Agility-Turnier-2025059.pdf\">hier<\/a><\/span><span style=\"font-size: 18px;\">.<\/span><span style=\"font-size: 18px;\">\u00a0<\/span><\/p>\n<p><strong style=\"font-size: 18px;\">06.06.2026<br \/> <\/strong><span style=\"font-size: 18px;\">Rally Obedience Turnier mit Richterin Sabine Hastenrath<br \/>meldbar \u00fcber O.M.A. ab 1.02.2026,\u00a0<\/span><span style=\"font-size: 18px;\">Ausschreibung siehe <a href=\"http:\/\/sv-uerdingen.de\/wp-content\/uploads\/2025\/12\/Einladung-RallyObedience-Pruefung-20260606.pdf\">hier<\/a><\/span><span style=\"font-size: 18px;\">.<\/span><span style=\"font-size: 18px;\">\u00a0<\/span><\/p>\n<p><strong>05.09.2026<\/strong>\u00a0Hoopers Turnier mit Richterin Simone Siegert<br \/>meldbar \u00fcber webmelden ab 1.06.2026, Ausschreibung siehe <a href=\"http:\/\/sv-uerdingen.de\/wp-content\/uploads\/2026\/04\/Ausschreibung-Hoopers-Turnier-20260905.pdf\">hier<\/a>.<span style=\"font-size: 18px;\">\u00a0<\/span><\/p>\n<p><strong style=\"font-size: 18px;\">10.10.2026\u00a0<\/strong><span style=\"font-size: 18px;\">Agility Turnier \/ Kr\u00e4hencup mit Richter Dirk Richartz<br \/><\/span><span style=\"font-size: 18px;\">meldbar \u00fcber webmelden. Ausschreibung siehe <a href=\"http:\/\/sv-uerdingen.de\/wp-content\/uploads\/2026\/04\/Ausschreibung-Agility-Turnier-20251010.pdf\">hier<\/a><\/span><span style=\"font-size: 18px;\">.<\/span><span style=\"font-size: 18px;\">\u00a0<\/span><\/p>\n<p><strong style=\"font-size: 18px;\">31.10.2026<br \/><\/strong><span style=\"font-size: 18px;\">BH \/ IBGH Pr\u00fcfung mit Susanne Wachsmut<\/span><span style=\"font-size: 18px;\">\u00a0<\/span><\/p>\n<p><strong style=\"font-size: 18px;\">13.12.2026, 14:00 Uhr<br \/> <\/strong><span style=\"font-size: 18px;\">Weihnachtsfeier f\u00fcr Mitglieder und Partner<\/span><\/p>\n<p>&nbsp;<\/p>\n<p>&nbsp;<\/p>\n<p>&nbsp;<\/p>\n<p>&nbsp;<\/p>\n<p>&nbsp;<\/p>\n<p>&nbsp;<\/p>\n<p>&nbsp;<\/p>\n<p>&nbsp;<\/p>\n<p><span style=\"font-size: 18px;\"><\/span><\/p>\n<p>&nbsp;<\/p>\n<p>&nbsp;<\/p>\n<p>&nbsp;<\/p>\n<p>&nbsp;<\/p>\n<p>&nbsp;<\/p>\n<p>&nbsp;<\/p>\n<p>&nbsp;<\/p>\n<p>[\/et_pb_text][et_pb_text _builder_version=&#8220;3.27.4&#8243; text_font=&#8220;||||||||&#8220; text_text_color=&#8220;#000000&#8243; text_font_size=&#8220;18px&#8220; link_font=&#8220;||||on||||&#8220; header_font=&#8220;||||||||&#8220; header_2_font=&#8220;||||||||&#8220; header_2_font_size=&#8220;30px&#8220; header_2_font_size_tablet=&#8220;&#8220; header_2_font_size_phone=&#8220;18px&#8220; header_2_font_size_last_edited=&#8220;on|phone&#8220;]<\/p>\n<h2><\/h2>\n<p>[\/et_pb_text][\/et_pb_column][\/et_pb_row][\/et_pb_section]<\/p>\n","protected":false},"excerpt":{"rendered":"<p>[et_pb_section fb_built=&#8220;1&#8243; _builder_version=&#8220;3.22.3&#8243; background_color=&#8220;#273548&#8243; custom_padding=&#8220;10px||10px&#8220;][et_pb_row _builder_version=&#8220;3.25&#8243;][et_pb_column type=&#8220;4_4&#8243; _builder_version=&#8220;3.25&#8243; custom_padding=&#8220;|||&#8220; custom_padding__hover=&#8220;|||&#8220;][et_pb_text _builder_version=&#8220;3.27.4&#8243; text_font=&#8220;||||||||&#8220; text_text_color=&#8220;#ffffff&#8220; text_font_size=&#8220;32px&#8220; header_font=&#8220;||||||||&#8220; header_text_color=&#8220;#000000&#8243; header_2_font=&#8220;||||||||&#8220; header_2_text_color=&#8220;#FFFFFF&#8220; background_size=&#8220;initial&#8220; background_position=&#8220;top_left&#8220; background_repeat=&#8220;repeat&#8220; text_orientation=&#8220;center&#8220; text_font_size_tablet=&#8220;&#8220; text_font_size_phone=&#8220;16px&#8220; text_font_size_last_edited=&#8220;on|phone&#8220;]Hundesportverein SV OG Uerdingen[\/et_pb_text][\/et_pb_column][\/et_pb_row][\/et_pb_section][et_pb_section fb_built=&#8220;1&#8243; _builder_version=&#8220;3.22.3&#8243; background_color=&#8220;#cecece&#8220;][et_pb_row _builder_version=&#8220;4.3.2&#8243; custom_margin=&#8220;|auto||77px||&#8220; custom_padding=&#8220;|||18px||&#8220;][et_pb_column type=&#8220;4_4&#8243; _builder_version=&#8220;3.25&#8243; custom_padding=&#8220;|||&#8220; custom_padding__hover=&#8220;|||&#8220;][et_pb_text _builder_version=&#8220;4.3.2&#8243; text_font=&#8220;||||||||&#8220; text_text_color=&#8220;#000000&#8243; text_font_size=&#8220;18px&#8220; header_font=&#8220;||||||||&#8220; header_2_font=&#8220;||||||||&#8220; header_2_font_size=&#8220;30px&#8220; header_font_size_tablet=&#8220;&#8220; header_font_size_phone=&#8220;18px&#8220; header_font_size_last_edited=&#8220;on|phone&#8220; header_2_font_size_tablet=&#8220;&#8220; header_2_font_size_phone=&#8220;18px&#8220; header_2_font_size_last_edited=&#8220;on|desktop&#8220;] Termine 2026 [\/et_pb_text][et_pb_text _builder_version=&#8220;4.3.2&#8243; [&hellip;]<\/p>\n","protected":false},"author":2,"featured_media":0,"parent":0,"menu_order":30,"comment_status":"closed","ping_status":"closed","template":"","meta":{"_et_pb_use_builder":"on","_et_pb_old_content":"","_et_gb_content_width":"","footnotes":""},"class_list":["post-533","page","type-page","status-publish","hentry"],"yoast_head":"<!-- This site is optimized with the Yoast SEO plugin v22.1 - https:\/\/yoast.com\/wordpress\/plugins\/seo\/ -->\n<title>Termine - Hundesportverein Krefeld SV OG Uerdingen<\/title>\n<meta name=\"robots\" content=\"index, follow, max-snippet:-1, max-image-preview:large, max-video-preview:-1\" \/>\n<link rel=\"canonical\" href=\"https:\/\/sv-uerdingen.de\/?page_id=533\" \/>\n<meta property=\"og:locale\" content=\"de_DE\" \/>\n<meta property=\"og:type\" content=\"article\" \/>\n<meta property=\"og:title\" content=\"Termine - Hundesportverein Krefeld SV OG Uerdingen\" \/>\n<meta property=\"og:description\" content=\"[et_pb_section fb_built=&#8220;1&#8243; _builder_version=&#8220;3.22.3&#8243; background_color=&#8220;#273548&#8243; custom_padding=&#8220;10px||10px&#8220;][et_pb_row _builder_version=&#8220;3.25&#8243;][et_pb_column type=&#8220;4_4&#8243; _builder_version=&#8220;3.25&#8243; custom_padding=&#8220;|||&#8220; custom_padding__hover=&#8220;|||&#8220;][et_pb_text _builder_version=&#8220;3.27.4&#8243; text_font=&#8220;||||||||&#8220; text_text_color=&#8220;#ffffff&#8220; text_font_size=&#8220;32px&#8220; header_font=&#8220;||||||||&#8220; header_text_color=&#8220;#000000&#8243; header_2_font=&#8220;||||||||&#8220; header_2_text_color=&#8220;#FFFFFF&#8220; background_size=&#8220;initial&#8220; background_position=&#8220;top_left&#8220; background_repeat=&#8220;repeat&#8220; text_orientation=&#8220;center&#8220; text_font_size_tablet=&#8220;&#8220; text_font_size_phone=&#8220;16px&#8220; text_font_size_last_edited=&#8220;on|phone&#8220;]Hundesportverein SV OG Uerdingen[\/et_pb_text][\/et_pb_column][\/et_pb_row][\/et_pb_section][et_pb_section fb_built=&#8220;1&#8243; _builder_version=&#8220;3.22.3&#8243; background_color=&#8220;#cecece&#8220;][et_pb_row _builder_version=&#8220;4.3.2&#8243; custom_margin=&#8220;|auto||77px||&#8220; custom_padding=&#8220;|||18px||&#8220;][et_pb_column type=&#8220;4_4&#8243; _builder_version=&#8220;3.25&#8243; custom_padding=&#8220;|||&#8220; custom_padding__hover=&#8220;|||&#8220;][et_pb_text _builder_version=&#8220;4.3.2&#8243; text_font=&#8220;||||||||&#8220; text_text_color=&#8220;#000000&#8243; text_font_size=&#8220;18px&#8220; header_font=&#8220;||||||||&#8220; header_2_font=&#8220;||||||||&#8220; header_2_font_size=&#8220;30px&#8220; header_font_size_tablet=&#8220;&#8220; header_font_size_phone=&#8220;18px&#8220; header_font_size_last_edited=&#8220;on|phone&#8220; header_2_font_size_tablet=&#8220;&#8220; header_2_font_size_phone=&#8220;18px&#8220; header_2_font_size_last_edited=&#8220;on|desktop&#8220;] Termine 2026 [\/et_pb_text][et_pb_text _builder_version=&#8220;4.3.2&#8243; [&hellip;]\" \/>\n<meta property=\"og:url\" content=\"https:\/\/sv-uerdingen.de\/?page_id=533\" \/>\n<meta property=\"og:site_name\" content=\"Hundesportverein Krefeld SV OG Uerdingen\" \/>\n<meta property=\"article:modified_time\" content=\"2026-04-16T08:13:17+00:00\" \/>\n<meta name=\"twitter:card\" content=\"summary_large_image\" \/>\n<meta name=\"twitter:label1\" content=\"Gesch\u00e4tzte Lesezeit\" \/>\n\t<meta name=\"twitter:data1\" content=\"2\u00a0Minuten\" \/>\n<script type=\"application\/ld+json\" class=\"yoast-schema-graph\">{\"@context\":\"https:\/\/schema.org\",\"@graph\":[{\"@type\":\"WebPage\",\"@id\":\"https:\/\/sv-uerdingen.de\/?page_id=533\",\"url\":\"https:\/\/sv-uerdingen.de\/?page_id=533\",\"name\":\"Termine - Hundesportverein Krefeld SV OG Uerdingen\",\"isPartOf\":{\"@id\":\"https:\/\/sv-uerdingen.de\/#website\"},\"datePublished\":\"2019-01-16T21:01:36+00:00\",\"dateModified\":\"2026-04-16T08:13:17+00:00\",\"breadcrumb\":{\"@id\":\"https:\/\/sv-uerdingen.de\/?page_id=533#breadcrumb\"},\"inLanguage\":\"de\",\"potentialAction\":[{\"@type\":\"ReadAction\",\"target\":[\"https:\/\/sv-uerdingen.de\/?page_id=533\"]}]},{\"@type\":\"BreadcrumbList\",\"@id\":\"https:\/\/sv-uerdingen.de\/?page_id=533#breadcrumb\",\"itemListElement\":[{\"@type\":\"ListItem\",\"position\":1,\"name\":\"Startseite\",\"item\":\"https:\/\/sv-uerdingen.de\/\"},{\"@type\":\"ListItem\",\"position\":2,\"name\":\"Termine\"}]},{\"@type\":\"WebSite\",\"@id\":\"https:\/\/sv-uerdingen.de\/#website\",\"url\":\"https:\/\/sv-uerdingen.de\/\",\"name\":\"Hundesportverein Krefeld SV OG Uerdingen\",\"description\":\"Hundesportverein Krefeld Ortsgruppe Uerdingen\",\"potentialAction\":[{\"@type\":\"SearchAction\",\"target\":{\"@type\":\"EntryPoint\",\"urlTemplate\":\"https:\/\/sv-uerdingen.de\/?s={search_term_string}\"},\"query-input\":\"required name=search_term_string\"}],\"inLanguage\":\"de\"}]}<\/script>\n<!-- \/ Yoast SEO plugin. -->","yoast_head_json":{"title":"Termine - Hundesportverein Krefeld SV OG Uerdingen","robots":{"index":"index","follow":"follow","max-snippet":"max-snippet:-1","max-image-preview":"max-image-preview:large","max-video-preview":"max-video-preview:-1"},"canonical":"https:\/\/sv-uerdingen.de\/?page_id=533","og_locale":"de_DE","og_type":"article","og_title":"Termine - Hundesportverein Krefeld SV OG Uerdingen","og_description":"[et_pb_section fb_built=&#8220;1&#8243; _builder_version=&#8220;3.22.3&#8243; background_color=&#8220;#273548&#8243; custom_padding=&#8220;10px||10px&#8220;][et_pb_row _builder_version=&#8220;3.25&#8243;][et_pb_column type=&#8220;4_4&#8243; _builder_version=&#8220;3.25&#8243; custom_padding=&#8220;|||&#8220; custom_padding__hover=&#8220;|||&#8220;][et_pb_text _builder_version=&#8220;3.27.4&#8243; text_font=&#8220;||||||||&#8220; text_text_color=&#8220;#ffffff&#8220; text_font_size=&#8220;32px&#8220; header_font=&#8220;||||||||&#8220; header_text_color=&#8220;#000000&#8243; header_2_font=&#8220;||||||||&#8220; header_2_text_color=&#8220;#FFFFFF&#8220; background_size=&#8220;initial&#8220; background_position=&#8220;top_left&#8220; background_repeat=&#8220;repeat&#8220; text_orientation=&#8220;center&#8220; text_font_size_tablet=&#8220;&#8220; text_font_size_phone=&#8220;16px&#8220; text_font_size_last_edited=&#8220;on|phone&#8220;]Hundesportverein SV OG Uerdingen[\/et_pb_text][\/et_pb_column][\/et_pb_row][\/et_pb_section][et_pb_section fb_built=&#8220;1&#8243; _builder_version=&#8220;3.22.3&#8243; background_color=&#8220;#cecece&#8220;][et_pb_row _builder_version=&#8220;4.3.2&#8243; custom_margin=&#8220;|auto||77px||&#8220; custom_padding=&#8220;|||18px||&#8220;][et_pb_column type=&#8220;4_4&#8243; _builder_version=&#8220;3.25&#8243; custom_padding=&#8220;|||&#8220; custom_padding__hover=&#8220;|||&#8220;][et_pb_text _builder_version=&#8220;4.3.2&#8243; text_font=&#8220;||||||||&#8220; text_text_color=&#8220;#000000&#8243; text_font_size=&#8220;18px&#8220; header_font=&#8220;||||||||&#8220; header_2_font=&#8220;||||||||&#8220; header_2_font_size=&#8220;30px&#8220; header_font_size_tablet=&#8220;&#8220; header_font_size_phone=&#8220;18px&#8220; header_font_size_last_edited=&#8220;on|phone&#8220; header_2_font_size_tablet=&#8220;&#8220; header_2_font_size_phone=&#8220;18px&#8220; header_2_font_size_last_edited=&#8220;on|desktop&#8220;] Termine 2026 [\/et_pb_text][et_pb_text _builder_version=&#8220;4.3.2&#8243; [&hellip;]","og_url":"https:\/\/sv-uerdingen.de\/?page_id=533","og_site_name":"Hundesportverein Krefeld SV OG Uerdingen","article_modified_time":"2026-04-16T08:13:17+00:00","twitter_card":"summary_large_image","twitter_misc":{"Gesch\u00e4tzte Lesezeit":"2\u00a0Minuten"},"schema":{"@context":"https:\/\/schema.org","@graph":[{"@type":"WebPage","@id":"https:\/\/sv-uerdingen.de\/?page_id=533","url":"https:\/\/sv-uerdingen.de\/?page_id=533","name":"Termine - Hundesportverein Krefeld SV OG Uerdingen","isPartOf":{"@id":"https:\/\/sv-uerdingen.de\/#website"},"datePublished":"2019-01-16T21:01:36+00:00","dateModified":"2026-04-16T08:13:17+00:00","breadcrumb":{"@id":"https:\/\/sv-uerdingen.de\/?page_id=533#breadcrumb"},"inLanguage":"de","potentialAction":[{"@type":"ReadAction","target":["https:\/\/sv-uerdingen.de\/?page_id=533"]}]},{"@type":"BreadcrumbList","@id":"https:\/\/sv-uerdingen.de\/?page_id=533#breadcrumb","itemListElement":[{"@type":"ListItem","position":1,"name":"Startseite","item":"https:\/\/sv-uerdingen.de\/"},{"@type":"ListItem","position":2,"name":"Termine"}]},{"@type":"WebSite","@id":"https:\/\/sv-uerdingen.de\/#website","url":"https:\/\/sv-uerdingen.de\/","name":"Hundesportverein Krefeld SV OG Uerdingen","description":"Hundesportverein Krefeld Ortsgruppe Uerdingen","potentialAction":[{"@type":"SearchAction","target":{"@type":"EntryPoint","urlTemplate":"https:\/\/sv-uerdingen.de\/?s={search_term_string}"},"query-input":"required name=search_term_string"}],"inLanguage":"de"}]}},"_links":{"self":[{"href":"https:\/\/sv-uerdingen.de\/index.php?rest_route=\/wp\/v2\/pages\/533","targetHints":{"allow":["GET"]}}],"collection":[{"href":"https:\/\/sv-uerdingen.de\/index.php?rest_route=\/wp\/v2\/pages"}],"about":[{"href":"https:\/\/sv-uerdingen.de\/index.php?rest_route=\/wp\/v2\/types\/page"}],"author":[{"embeddable":true,"href":"https:\/\/sv-uerdingen.de\/index.php?rest_route=\/wp\/v2\/users\/2"}],"replies":[{"embeddable":true,"href":"https:\/\/sv-uerdingen.de\/index.php?rest_route=%2Fwp%2Fv2%2Fcomments&post=533"}],"version-history":[{"count":159,"href":"https:\/\/sv-uerdingen.de\/index.php?rest_route=\/wp\/v2\/pages\/533\/revisions"}],"predecessor-version":[{"id":3043,"href":"https:\/\/sv-uerdingen.de\/index.php?rest_route=\/wp\/v2\/pages\/533\/revisions\/3043"}],"wp:attachment":[{"href":"https:\/\/sv-uerdingen.de\/index.php?rest_route=%2Fwp%2Fv2%2Fmedia&parent=533"}],"curies":[{"name":"wp","href":"https:\/\/api.w.org\/{rel}","templated":true}]}}